n b is divided by 9.
8
Let d(w) = -w - 3. Calculate the remainder when (52/(-6))/(2/(-6)) is divided by d(-12).
8
Let t be (-2 + 5)/3 + 5. Let j be 7 + -3*(-4)/t. Suppose j + 3 = 4*c. Calculate the remainder when 5 is divided by c.
2
Let w(p) = -p**3 - 4*p**2 - p - 1. Let a be (-1 - 1) + 0/(-5). What is the remainder when w(-5) is divided by 107/7 - a/(-7)?
14
Suppose -4*i + c - 9 = 0, -4*i = c + 4*c + 3. Calculate the remainder when ((-6)/4)/(7/(-28)) is divided by i/(-1) - (1 + -3).
2
Let o(j) = j**3 + 3*j**2 - 6*j - 3. Let z = -8 - -4. Calculate the remainder when 17 is divided by o(z).
2
Let h = -144 + 78. Let k = h + 105. What is the remainder when k is divided by (-24)/15*25/(-2)?
19
Suppose 2*z + 5*j - 45 = 0, 4*z + 0*j = 2*j + 30. What is the remainder when (-1)/((-1)/34*2) is divided by z?
7
Let n(z) = 5 - 2 + 0 - 6*z + 4*z**2 - 2*z**2. Let g be n(4). Suppose 2*y + g = 109. Calculate the remainder when y is divided by 13.
10
Let o = 7 + -10. Let b(s) = 9*s**3 + 3*s**2 - 7. Let h(x) = 7*x**3 + 3*x**2 - 6. Let z(v) = 2*b(v) - 3*h(v). Calculate the remainder when z(o) is divided by 20.
18
Let u(p) = -p**3 + 7*p**2 + 11. What is the remainder when u(4) is divided by 15?
14
Let c = -1 + 4. Let x be (c/(-4))/((-1)/8). Suppose r = x*r - 35. Calculate the remainder when 13 is divided by r.
6
Let r be 78/21 + (-2)/(-7). Let s = 57 + -149. What is the remainder when 11 is divided by s/(-16) - (-1)/r?
5
Let y be 4*-1*(-2 - 5). Let f = y + 1. Calculate the remainder when f is divided by 10.
9
Let x(n) be the first derivative of -n**2/2 + 7*n - 3. What is the remainder when 37 is divided by x(-6)?
11
Suppose 2*v = -3*v - 70. Let b = 9 - v. What is the remainder when b is divided by 13?
10
Let z(k) = k**3 - 7*k**2 - 3*k + 1. What is the remainder when z(8) is divided by 14?
13
Let p be 6 - 3 - (-60 + -1). Let l = p + -39. Suppose c - 45 = -5*t, 4*c = -4*t - 0*c + 36. What is the remainder when l is divided by t?
7
Suppose -2*z - 668 = -4*z. Calculate the remainder when z is divided by 67.
66
Suppose -2 = -4*s - 6. Let c(a) = 10*a**2 + 4*a + 0*a**2 - 5*a. What is the remainder when 30 is divided by c(s)?
8
Let x = 3 - -6. Calculate the remainder when 24 is divided by x.
6
Let a = 25 - 5. Let t(u) = 3 - 2 + 2 + 11*u. What is the remainder when t(5) is divided by a?
18
Let m = 16 - 10. Suppose -2*s - 12 = -h, -h + s - 2*s + 18 = 0. Calculate the remainder when h is divided by m.
4
Suppose -39 + 33 = -2*h. Let d(r) = -r + 4. Let v be d(5). Calculate the remainder when (v/2)/(2/(-32)) is divided by h.
2
Let n(y) = y + 7. Let d be n(-5). Let x be (d + 0)/(4/14). What is the remainder when 1/2*-2 + x is divided by 4?
2
Let u(p) = -16*p**3 - 2*p - 1. Let d = 3 + -4. Calculate the remainder when 49 is divided by u(d).
15
Let d = -178 + 274. Calculate the remainder when d is divided by 33.
30
Suppose -5*g + 62 = -108. Calculate the remainder when g is divided by 12.
10
Let z(u) = -2*u - 1. Suppose 0 = -4*l - l - 35. What is the remainder when z(l) is divided by 7?
6
Let i(f) = -f**2 - 22*f - 42. Let w be ((-3)/2)/((-3)/56). Suppose -w = -2*o + 5*a + 2, 0 = 2*o - 2*a - 36. What is the remainder when i(-12) is divided by o?
18
Suppose 4*n - 7 = 9, -5*n + 85 = a. Let z = a - -5. Calculate the remainder when z is divided by 24.
22
Suppose -5 = 5*v + 2*b, v + 2*v = 4*b - 3. Let a = -36 - -89. What is the remainder when a is divided by v/3 + 110/6?
17
Let w = -4 + 14. Let d = w + 8. Let h = d + -4. Calculate the remainder when 27 is divided by h.
13
Suppose -221 = -3*s + 2*h, 3*h = -0*s + 2*s - 154. Let z = -42 + s. Calculate the remainder when z is divided by 8.
5
Let u(q) = q**2 + 3*q + 3. Let n be u(-4). Let d = 6 + n. Calculate the remainder when 23 is divided by d.
10
Let y = 27 + -28. What is the remainder when 34 is divided by -2 - y - (2 - 15)?
10
Suppose -3*i - 24 = -66. What is the remainder when i is divided by 8?
6
Suppose 60 = 3*j - 5*k, -4*j - 3*k = -8*k - 75. What is the remainder when j is divided by 4 + (1 - (2 - 1))?
3
Calculate the remainder when 17 is divided by 3 - ((-14)/8)/((-14)/(-56)).
7
Suppose 2*v = 7 + 1. What is the remainder when 13 is divided by v?
1
Suppose 7*t = 144 + 38. What is the remainder when t is divided by 9?
8
Suppose 4*y = -3*b - 4 - 0, 3*y - 4*b = -28. Calculate the remainder when 1/(-1) - y*11 is divided by 22.
21
What is the remainder when 0/(-30) + 90 + -1 is divided by 30?
29
Let c be 20 - 0/(4/(-2)). Suppose b = -b + c. What is the remainder when b is divided by 3/(-6) - (-13)/2?
4
Calculate the remainder when 26 is divided by 46/6 + 2/(-3).
5
Let w(n) = n**3 + 7*n**2 - n - 1. Let u(g) = g**2 - g - 6. Let b be u(0). Let m be w(b). Let f = -25 + m. What is the remainder when 46 is divided by f?
14
Suppose -2*i - 4 = -56. Suppose 3*h - 22 = -4*v + i, -2*v + 50 = -5*h. What is the remainder when 28 is divided by v?
13
Suppose -u - 4*u + 20 = 0. Suppose 22 = c + 3*r, 3*c - 21 - 58 = u*r. What is the remainder when c is divided by 9?
7
Suppose -4*c + 12 + 28 = 0. Calculate the remainder when 28 is divided by c.
8
Suppose -32 = -3*q + 124. Suppose -s = -3, -k - 1 + q = 5*s. Suppose -6*t + 8 = -u - 2*t, -t = 4*u - k. What is the remainder when 15 is divided by u?
7
Suppose 4*d + d = -5*p + 70, 2 = d - 3*p. What is the remainder when 87 is divided by d?
10
Suppose -9*g - 40 = -265. Calculate the remainder when 47 is divided by g.
22
Suppose 0 = -m - 2*w + 23, 0*m + 66 = 2*m - w. What is the remainder when m is divided by 17?
14
Let t(k) = k**3 + 26*k**2 + 23*k + 44. What is the remainder when t(-25) is divided by 16?
14
Let q(c) = -4*c + 22. Calculate the remainder when q(-5) is divided by 9.
6
Suppose t + 0 - 2 = 0. Let s = t + 0. Calculate the remainder when s is divided by 2.
0
Suppose -b - 21 = -4*b. Let c(x) = x**2 - 4*x + 5. Let j(g) = -2*g + 1. What is the remainder when c(b) is divided by j(-4)?
8
Suppose 2*k = -3*c + 7*c + 40, 4*c = 4. Calculate the remainder when 87 is divided by k.
21
Let a = 144 + -94. What is the remainder when a is divided by 17?
16
Suppose 0 = 2*b - 4*b + 8. Suppose 0*u + 4 = -b*u - 5*s, -u = 5*s + 16. Calculate the remainder when 19 is divided by u.
3
Suppose -29 = o - 0*o. Let f = o - -69. Calculate the remainder when f is divided by 14.
12
Let a(b) = 3*b + 7. Let w be a(7). Calculate the remainder when 67 is divided by (-121)/(-7) + (-8)/w.
16
Suppose 0 = -3*q + 4*r + 58, -2*q = r - 2*r - 42. Calculate the remainder when q is divided by 14.
8
Let d = 9 + -3. Suppose 0 = -2*l - l + 48. What is the remainder when l is divided by d?
4
Let o = 30 + -29. Calculate the remainder when 1 is divided by o.
0
Suppose 6*b = 2*b + 4*n + 92, -4*b = -2*n - 82. Calculate the remainder when 52 is divided by b.
16
Let f be 7/(-28) + 1/4. Suppose -11 = w - 4*g, -5*g = w - f*g - 34. What is the remainder when 16 is divided by w?
7
Let m = -54 + 109. Calculate the remainder when m is divided by 15.
10
Let l(m) = m**3 - 11*m**2 - 19*m - 45. What is the remainder when 274 is divided by l(13)?
44
Suppose -4*g = -3*c - 236, 0 = -4*g + c + 4*c + 244. Suppose 4*f = 2*f - p + g, -5*p = 10. Calculate the remainder when f is divided by 10.
9
Let z = 1 - -6. Calculate the remainder when 19 is divided by z.
5
Let z(h) be the first derivative of -3*h**2/2 - 5*h - 1. What is the remainder when (-1)/(-2) - (-23)/2 is divided by z(-4)?
5
Suppose -3*y + 3*t + 270 = 0, y + t + 4 = 94. Calculate the remainder when y is divided by 13.
12
Suppose -6*j + 3*j = c - 37, -2*j = 5*c - 146. What is the remainder when 111 is divided by c?
27
Let v(d) = 6 - 78*d - 3*d**2 + 88*d - 6*d**2 + d**3. Calculate the remainder when v(8) is divided by 5.
2
Suppose 5*z - 48 = -0*z + 3*f, 2*z = f + 19. Calculate the remainder when 15 is divided by z.
6
Suppose b = -a + 15, -4*a + 24 = 5*b - 38. Calculate the remainder when 50 is divided by a.
11
Calculate the remainder when (-8)/20 + 372/5 is divided by 19.
17
Suppose -4*h = 3*o - 155, -4*h + 235 = 4*o + 27. Calculate the remainder when o is divided by 14.
11
Let r(c) be the third derivative of c**4/8 + 2*c**3/3 - c**2. Suppose h - 5*v - 5 = 0, 0*h + 4*h - 5*v = 35. Calculate the remainder when r(5) is divided by h.
9
Let d(p) be the third derivative of -p**6/120 + p**5/12 - p**3/6 - 2*p**2. Le